st common divisor of o and 120?
40
Let d(p) be the first derivative of -5*p**2/2 + 140*p - 106. Let h be d(-38). What is the greatest common divisor of 198 and h?
66
Let z(o) = 156*o - 1. Let q be z(1). Suppose -21*l + 25*l = 80. Calculate the highest common factor of l and q.
5
Let t(d) = -8 + 7*d**3 + 4*d - 6*d**3 - 217*d**2 + 223*d**2. Suppose 5*q = -17 - 3. Let i be t(q). What is the highest common factor of i and 4?
4
Suppose -47 - 12 = -20*a + 21. Suppose -30 = 2*x - 5*x. What is the highest common divisor of a and x?
2
Let a = -1039 - -326. Let m = -588 - a. Calculate the highest common factor of 200 and m.
25
Suppose -95*q + 163996 = 25106. Calculate the greatest common factor of q and 129.
43
Suppose 0 = 2*c - c - 6. Let t be ((-2)/3)/(16 + 5642/(-351)). Calculate the greatest common divisor of c and t.
3
Let c = -11 - -18. Suppose -2*a = -4*h + 4, 0 = -5*a + 2*h + c - 1. Let q be 234/(-4)*a/(-3). What is the highest common divisor of q and 39?
39
Let x = 1203 + -839. Suppose -9*h + x - 130 = 0. Calculate the greatest common divisor of h and 91.
13
Let r = 77 - 194. Let w be (-74)/(-9) - (-26)/r. Let u = 30 - -18. What is the greatest common divisor of w and u?
8
Let o = 5019 - 4907. Calculate the greatest common factor of o and 91.
7
Suppose -12*o - 2641 = -15745. What is the highest common factor of o and 756?
84
Let x be (1 - 8) + 159 + -80. What is the greatest common factor of 1116 and x?
36
Suppose 18*z - 5946 = 4116. Let d = z + -499. What is the highest common divisor of 8 and d?
4
Suppose -y + 365 = 147. Let o = y + -107. What is the greatest common factor of 259 and o?
37
Let k = 8830 + -7937. Calculate the highest common divisor of k and 57.
19
Let q be 2 - 3/(12*1/52)*-22. Calculate the highest common factor of 2272 and q.
32
Suppose 117 = 884*o - 871*o. Calculate the greatest common factor of o and 729.
9
Let y(c) = 4*c - 27. Let t be y(8). Suppose -5*l - q + 7 = 5, 11 = -4*l - t*q. Calculate the highest common factor of 17 and l.
1
Let k be 3 + ((-22)/(-33))/(14/17073). What is the highest common divisor of k and 384?
48
Let c = 148 + -126. Let s = -19 + c. Let d be ((1/s)/(-1))/(4/(-72)). Calculate the highest common divisor of d and 15.
3
Suppose 2*a = -3*b + 3173, 319*a = 323*a + 4*b - 6356. What is the greatest common factor of 2 and a?
2
Suppose 29*j - 17296 = -2912. Suppose -39*a = -j - 3248. What is the highest common factor of 224 and a?
32
Let k = -398 + 532. Let p = 152 - k. Calculate the highest common factor of p and 12.
6
Suppose 11*v - 600 = 6*v - 0*v. Let n be (-9)/6*(-4)/6. Let g be (-46)/(-3) - n/3. What is the greatest common divisor of v and g?
15
Suppose -2*q + 88 = -28. Let o = q - -47. Let c = o + -73. Calculate the greatest common factor of c and 64.
32
Let v be (0 + 1 + 0 - 1) + 2. Suppose v*p = 3*b + 13, -b + 2 = p - 4*b. Suppose p = -6*h + 7*h. What is the highest common divisor of 33 and h?
11
Let q(b) = 5*b**3 + 210*b**2 - 214*b + 48. Let p be q(-43). Calculate the greatest common factor of 192 and p.
1
Let y(f) = 81*f**2 - 69*f - 375. Let u be y(-6). Calculate the highest common factor of 60 and u.
15
Let o(k) = -3*k. Let h(c) = -c**2 + 36*c + 58. Let v(d) = h(d) + 3*o(d). Let n be v(23). What is the greatest common divisor of 6 and n?
6
Let g(w) = w + 75. Let o be g(-37). Let i be 0 - (0/(-3))/1. Suppose i = 3*r - o - 7. What is the highest common factor of 6 and r?
3
Let y(t) = 2274*t**2 + 4*t - 6. Let b be y(1). What is the highest common divisor of b and 32?
32
Suppose 2*j = 4*d, 2*j - 12 = d - 3*d. Suppose d*m - m - s + 50 = 0, -3*m + 2*s - 146 = 0. Let p = -34 - m. What is the highest common divisor of p and 60?
12
Suppose -299*n = -304*n - 5. Let a be -3 + n/(3/(-24)*2). Calculate the highest common factor of 39 and a.
1
Let w be (-3)/2*(-5)/15*4. Suppose -w*c = -b - 154, 392 = 5*c - b + 2*b. Calculate the highest common factor of c and 26.
26
Let y = -4950 + 5090. What is the greatest common factor of y and 686?
14
Suppose -8980 = -8*y - 5*h, 0 = -9*y + 4*y - 3*h + 5612. Calculate the highest common divisor of 60 and y.
20
Let n(f) be the first derivative of -f**3/3 + 11*f**2 - 88*f - 113. Let i be n(6). What is the highest common divisor of 6 and i?
2
Let g be (-7 - 6483/15)*(-75)/30. Calculate the highest common divisor of g and 468.
18
Let o(w) = 37*w**3 + 3*w**2 - 18*w + 16. Let t be o(1). Calculate the highest common divisor of t and 8.
2
Let k(c) = 3*c**3 + c**2 + 24*c + 31373. Let q be k(0). Calculate the greatest common divisor of 137 and q.
137
Suppose 3633 = 122*g - 119*g. Suppose -5*v + g + 224 = 0. Calculate the highest common factor of v and 7.
7
Suppose 20*x - 3062 = 778. Calculate the greatest common divisor of x and 26592.
96
Let k = 1225 - 687. Suppose -533*l - 1530 = -k*l. What is the highest common divisor of 36 and l?
18
Suppose 5*t - 1278 = 3*x, 0 = 28*t - 24*t - 4*x - 1032. What is the greatest common divisor of 2898 and t?
126
Let s be 396/6 - (-1 + 1). Let f(c) = -13*c + 583. Let g be f(44). Calculate the greatest common factor of s and g.
11
Let m(g) = -21*g - 84. Let o be m(-4). Suppose -u - 26 + 32 = o. Suppose 2*z = -x + 153 - 52, 0 = -x + 5. Calculate the greatest common factor of u and z.
6
Let h(u) be the third derivative of -u**6/120 + 3*u**5/5 + 127*u**4/24 - 2*u**3 + 233*u**2. Let r be h(39). What is the highest common divisor of r and 84?
42
Let k = 5742 + -5471. Calculate the highest common factor of 7 and k.
1
Let a be ((-210)/(-168))/((-5)/(-8)). Suppose 3643 = 4*c + u, -79 = -a*c - 5*u + 1756. What is the highest common divisor of c and 65?
65
Let l(k) = -k**3 - 26*k**2 + 24*k - 25. Let b be l(-27). Let j = 78 - b. What is the highest common divisor of j and 187?
11
Suppose -8*l + 3*l + 5*v = -60, 3*l - 48 = -3*v. Suppose w - l*w + 1209 = 0. Calculate the highest common divisor of w and 93.
93
Let c = 6749 + -2801. What is the highest common divisor of 6 and c?
6
Suppose -29*p + 80 + 36 = 0. Suppose -4*t + p*z = -80, -4*z - 55 + 137 = 5*t. What is the greatest common factor of 15 and t?
3
Suppose -m = 3*r + 14, -4*m - 7 = -5*r - 36. Let b(d) = -8*d + 6. Let s be b(m). Let h be 54 - (-2 + 3)*s. What is the highest common factor of 8 and h?
8
Let q = 33 + 6. Let c(w) = -11*w + 14. Let h(a) = 12*a - 13. Let x(k) = -5*c(k) - 6*h(k). Let g be x(-11). What is the greatest common factor of q and g?
39
Let g be (-137 - -144)*(-120)/(-14). Suppose -h + 2*k = 3*h - 332, 4*h - 342 = -3*k. Calculate the highest common factor of g and h.
12
Suppose 0 = -85*q - 14*q + 363748 + 351725. Calculate the greatest common factor of 99 and q.
99
Suppose -18*v - 97*v + 59620 = -698460. What is the greatest common factor of v and 206?
206
Let q = -21 + 29. Suppose -25 = n - 20. Let c = 7 + n. What is the highest common divisor of c and q?
2
Suppose -5*g + 3*h + 174 = -2*g, 0 = 2*h + 8. Suppose 2*w = -4*w + g. Let p = w - 3. What is the greatest common factor of 15 and p?
3
Suppose -4*b + 1 = h - 24, h - 5*b = 52. Let w be (3/(-6))/(2/2140). Let z = w + 942. Calculate the greatest common factor of h and z.
37
Let c(a) = a**2 + 35*a + 43. Let l be c(-35). What is the highest common factor of l and 1763?
43
Suppose 7*q - 3307 - 11624 = 0. Calculate the greatest common factor of q and 79.
79
Suppose 4*v = -0*g + 2*g - 462, 3*v + 684 = 3*g. Let b = g - 216. Calculate the highest common divisor of b and 153.
9
Suppose 3*q - 14778 = -2*s, -18139 = -4*q - 9*s + 1527. What is the greatest common factor of q and 340?
170
Let g(u) = -u - 4. Suppose 0 = -2*z + 4*b - 52, 49 = 5*z - 2*b + 139. Let q be g(z). Let j = 250 - 232. What is the highest common factor of q and j?
6
Suppose 9*v = 8*v + 2*o + 92, -3*v + 303 = 3*o. Suppose -5*s = -37 - 103. What is the greatest common divisor of v and s?
14
Let p(u) = u**3 - 7*u**2 + 12*u - 6. Let b(r) = r + 7. Let k = -56 - -54. Let q be b(k). Let d be p(q). Calculate the highest common divisor of 6 and d.
2
Suppose 3*b = i + 124, -b + 5*b = -3*i + 187. Suppose 6 - 15 = -3*f, a + f - b = 0. Calculate the greatest common divisor of a and 5.
5
Suppose 25*o - 24*o = 0. Suppose -4*r + 4*v + 300 = o, -3*r + 230 = -6*v + 2*v. Suppose -3*m + 27 + 57 = 0. Calculate the greatest common divisor of m and r.
14
Let i = 12085 + -12031. What is the grea